{"id":76,"date":"2020-10-04T17:26:49","date_gmt":"2020-10-04T20:26:49","guid":{"rendered":"https:\/\/nutriznutricao.com.br\/?page_id=16"},"modified":"2022-09-06T00:11:09","modified_gmt":"2022-09-06T03:11:09","slug":"animais","status":"publish","type":"page","link":"https:\/\/nutriznutricao.com.br\/?page_id=76","title":{"rendered":"animais"},"content":{"rendered":"\t\t<div data-elementor-type=\"wp-page\" data-elementor-id=\"76\" class=\"elementor elementor-76\" data-elementor-post-type=\"page\">\n\t\t\t\t\t\t<section class=\"elementor-section elementor-top-section elementor-element elementor-element-591c854 elementor-hidden-phone elementor-section-boxed elementor-section-height-default elementor-section-height-default\" data-id=\"591c854\" data-element_type=\"section\" data-e-type=\"section\" data-settings=\"{&quot;ekit_has_onepagescroll_dot&quot;:&quot;yes&quot;}\">\n\t\t\t\t\t\t<div class=\"elementor-container elementor-column-gap-default\">\n\t\t\t\t\t<div class=\"elementor-column elementor-col-50 elementor-top-column elementor-element elementor-element-f89593f\" data-id=\"f89593f\" data-element_type=\"column\" data-e-type=\"column\">\n\t\t\t<div class=\"elementor-widget-wrap elementor-element-populated\">\n\t\t\t\t\t\t<div class=\"elementor-element elementor-element-8134fc4 elementor-widget elementor-widget-image\" data-id=\"8134fc4\" data-element_type=\"widget\" data-e-type=\"widget\" data-settings=\"{&quot;ekit_we_effect_on&quot;:&quot;none&quot;}\" data-widget_type=\"image.default\">\n\t\t\t\t<div class=\"elementor-widget-container\">\n\t\t\t\t\t\t\t\t\t\t\t\t\t\t\t<img fetchpriority=\"high\" decoding=\"async\" width=\"800\" height=\"568\" src=\"https:\/\/nutriznutricao.com.br\/wp-content\/uploads\/2022\/09\/linha-ovinos.webp\" class=\"attachment-large size-large wp-image-921\" alt=\"\" srcset=\"https:\/\/nutriznutricao.com.br\/wp-content\/uploads\/2022\/09\/linha-ovinos.webp 965w, https:\/\/nutriznutricao.com.br\/wp-content\/uploads\/2022\/09\/linha-ovinos-300x213.webp 300w, https:\/\/nutriznutricao.com.br\/wp-content\/uploads\/2022\/09\/linha-ovinos-768x545.webp 768w\" sizes=\"(max-width: 800px) 100vw, 800px\" \/>\t\t\t\t\t\t\t\t\t\t\t\t\t\t\t<\/div>\n\t\t\t\t<\/div>\n\t\t\t\t\t<\/div>\n\t\t<\/div>\n\t\t\t\t<div class=\"elementor-column elementor-col-50 elementor-top-column elementor-element elementor-element-5e3595f\" data-id=\"5e3595f\" data-element_type=\"column\" data-e-type=\"column\">\n\t\t\t<div class=\"elementor-widget-wrap elementor-element-populated\">\n\t\t\t\t\t\t<div class=\"elementor-element elementor-element-2e3a86a elementor-widget elementor-widget-text-editor\" data-id=\"2e3a86a\" data-element_type=\"widget\" data-e-type=\"widget\" data-settings=\"{&quot;ekit_we_effect_on&quot;:&quot;none&quot;}\" data-widget_type=\"text-editor.default\">\n\t\t\t\t<div class=\"elementor-widget-container\">\n\t\t\t\t\t\t\t\t\t<p><strong>Ovinos<\/strong><\/p><p><br \/>As ovelhas s\u00e3o animais de enorme import\u00e2ncia econ\u00f4mica como fonte de carne, latic\u00ednios, l\u00e3 e couro.\u00a0Visando a import\u00e2ncia desse animal para diversas \u00e1reas de nossa sociedade a Nutriz busca por meio de sua ra\u00e7\u00e3o fornece-los uma boa nutri\u00e7\u00e3o para que possam desempenhar bem sua fun\u00e7\u00e3o. Para que isso aconte\u00e7a contamos com concentrados energ\u00e9ticos encontrados no milho, cerais (trigo, arroz), prote\u00ednas achadas no farelo de soja e vitaminas e nutrientes que todo ovino precissa.<\/p>\t\t\t\t\t\t\t\t<\/div>\n\t\t\t\t<\/div>\n\t\t\t\t\t<\/div>\n\t\t<\/div>\n\t\t\t\t\t<\/div>\n\t\t<\/section>\n\t\t\t\t<section class=\"elementor-section elementor-top-section elementor-element elementor-element-fdca654 elementor-hidden-phone elementor-section-boxed elementor-section-height-default elementor-section-height-default\" data-id=\"fdca654\" data-element_type=\"section\" data-e-type=\"section\" data-settings=\"{&quot;ekit_has_onepagescroll_dot&quot;:&quot;yes&quot;}\">\n\t\t\t\t\t\t<div class=\"elementor-container elementor-column-gap-default\">\n\t\t\t\t\t<div class=\"elementor-column elementor-col-50 elementor-top-column elementor-element elementor-element-99083be\" data-id=\"99083be\" data-element_type=\"column\" data-e-type=\"column\">\n\t\t\t<div class=\"elementor-widget-wrap elementor-element-populated\">\n\t\t\t\t\t\t<div class=\"elementor-element elementor-element-2824449 elementor-widget elementor-widget-text-editor\" data-id=\"2824449\" data-element_type=\"widget\" data-e-type=\"widget\" data-settings=\"{&quot;ekit_we_effect_on&quot;:&quot;none&quot;}\" data-widget_type=\"text-editor.default\">\n\t\t\t\t<div class=\"elementor-widget-container\">\n\t\t\t\t\t\t\t\t\t<p><strong>SU\u00cdNOS<\/strong><\/p><p><br \/>Os porcos s\u00e3o criados para serem fonte de alimento e em raros casos animais de estima\u00e7\u00e3o.Com isso a nutriz busca oferecer a eles a melhor nutri\u00e7\u00e3o, afinal esse animal ao ser cuidado de forma errada pode espalhar doen\u00e7as para n\u00f3s consumidores e tamb\u00e9m s\u00e3o muito sens\u00edveis a qualquer falta de vitamina que vier a ocorrer, para uma boa nutri\u00e7\u00e3o eles precisam componentes nutricionais essenciais como \u00e1gua, suplementos energ\u00e9ticos que vem atrav\u00e9s do milho, prote\u00ednas, minerais encontrados no c\u00e1lcio, fosforo, entre outros.<\/p>\t\t\t\t\t\t\t\t<\/div>\n\t\t\t\t<\/div>\n\t\t\t\t\t<\/div>\n\t\t<\/div>\n\t\t\t\t<div class=\"elementor-column elementor-col-50 elementor-top-column elementor-element elementor-element-d3d276c\" data-id=\"d3d276c\" data-element_type=\"column\" data-e-type=\"column\">\n\t\t\t<div class=\"elementor-widget-wrap elementor-element-populated\">\n\t\t\t\t\t\t<div class=\"elementor-element elementor-element-88369ce elementor-widget elementor-widget-image\" data-id=\"88369ce\" data-element_type=\"widget\" data-e-type=\"widget\" data-settings=\"{&quot;ekit_we_effect_on&quot;:&quot;none&quot;}\" data-widget_type=\"image.default\">\n\t\t\t\t<div class=\"elementor-widget-container\">\n\t\t\t\t\t\t\t\t\t\t\t\t\t\t\t<img decoding=\"async\" width=\"800\" height=\"488\" src=\"https:\/\/nutriznutricao.com.br\/wp-content\/uploads\/2022\/09\/linha-suinos-1024x625.webp\" class=\"attachment-large size-large wp-image-922\" alt=\"\" srcset=\"https:\/\/nutriznutricao.com.br\/wp-content\/uploads\/2022\/09\/linha-suinos-1024x625.webp 1024w, https:\/\/nutriznutricao.com.br\/wp-content\/uploads\/2022\/09\/linha-suinos-300x183.webp 300w, https:\/\/nutriznutricao.com.br\/wp-content\/uploads\/2022\/09\/linha-suinos-768x469.webp 768w, https:\/\/nutriznutricao.com.br\/wp-content\/uploads\/2022\/09\/linha-suinos.webp 1122w\" sizes=\"(max-width: 800px) 100vw, 800px\" \/>\t\t\t\t\t\t\t\t\t\t\t\t\t\t\t<\/div>\n\t\t\t\t<\/div>\n\t\t\t\t\t<\/div>\n\t\t<\/div>\n\t\t\t\t\t<\/div>\n\t\t<\/section>\n\t\t\t\t<section class=\"elementor-section elementor-top-section elementor-element elementor-element-523db1b elementor-hidden-phone elementor-section-boxed elementor-section-height-default elementor-section-height-default\" data-id=\"523db1b\" data-element_type=\"section\" data-e-type=\"section\" data-settings=\"{&quot;ekit_has_onepagescroll_dot&quot;:&quot;yes&quot;}\">\n\t\t\t\t\t\t<div class=\"elementor-container elementor-column-gap-default\">\n\t\t\t\t\t<div class=\"elementor-column elementor-col-50 elementor-top-column elementor-element elementor-element-1df4ba9\" data-id=\"1df4ba9\" data-element_type=\"column\" data-e-type=\"column\">\n\t\t\t<div class=\"elementor-widget-wrap elementor-element-populated\">\n\t\t\t\t\t\t<div class=\"elementor-element elementor-element-39f1c2e elementor-widget elementor-widget-text-editor\" data-id=\"39f1c2e\" data-element_type=\"widget\" data-e-type=\"widget\" data-settings=\"{&quot;ekit_we_effect_on&quot;:&quot;none&quot;}\" data-widget_type=\"text-editor.default\">\n\t\t\t\t<div class=\"elementor-widget-container\">\n\t\t\t\t\t\t\t\t\t<p><strong>BOVINOS<\/strong><\/p><p><br \/>Os\u00a0bovinos\u00a0t\u00eam import\u00e2ncia econ\u00f4mica como fonte de\u00a0leite\u00a0e\u00a0carne\u00a0para o homem. Percebendo a necessidade desse animal para o lado econ\u00f4mico do pais, a Nutriz visa dar a eles a melhor nutri\u00e7\u00e3o poss\u00edvel, contando com suplementos energ\u00e9ticos obtidos por meio do milho, trigo, entre outros cereais. Conta tamb\u00e9m com suplementos proteicos, minerais e vitam\u00ednicos.<\/p>\t\t\t\t\t\t\t\t<\/div>\n\t\t\t\t<\/div>\n\t\t\t\t\t<\/div>\n\t\t<\/div>\n\t\t\t\t<div class=\"elementor-column elementor-col-50 elementor-top-column elementor-element elementor-element-8905ab5\" data-id=\"8905ab5\" data-element_type=\"column\" data-e-type=\"column\">\n\t\t\t<div class=\"elementor-widget-wrap elementor-element-populated\">\n\t\t\t\t\t\t<div class=\"elementor-element elementor-element-b571d00 elementor-widget elementor-widget-image\" data-id=\"b571d00\" data-element_type=\"widget\" data-e-type=\"widget\" data-settings=\"{&quot;ekit_we_effect_on&quot;:&quot;none&quot;}\" data-widget_type=\"image.default\">\n\t\t\t\t<div class=\"elementor-widget-container\">\n\t\t\t\t\t\t\t\t\t\t\t\t\t\t\t<img decoding=\"async\" width=\"800\" height=\"495\" src=\"https:\/\/nutriznutricao.com.br\/wp-content\/uploads\/2022\/09\/linha-bovino-1024x634.webp\" class=\"attachment-large size-large wp-image-920\" alt=\"\" srcset=\"https:\/\/nutriznutricao.com.br\/wp-content\/uploads\/2022\/09\/linha-bovino-1024x634.webp 1024w, https:\/\/nutriznutricao.com.br\/wp-content\/uploads\/2022\/09\/linha-bovino-300x186.webp 300w, https:\/\/nutriznutricao.com.br\/wp-content\/uploads\/2022\/09\/linha-bovino-768x476.webp 768w, https:\/\/nutriznutricao.com.br\/wp-content\/uploads\/2022\/09\/linha-bovino.webp 1106w\" sizes=\"(max-width: 800px) 100vw, 800px\" \/>\t\t\t\t\t\t\t\t\t\t\t\t\t\t\t<\/div>\n\t\t\t\t<\/div>\n\t\t\t\t\t<\/div>\n\t\t<\/div>\n\t\t\t\t\t<\/div>\n\t\t<\/section>\n\t\t\t\t<section class=\"elementor-section elementor-top-section elementor-element elementor-element-b373a46 elementor-hidden-phone elementor-section-boxed elementor-section-height-default elementor-section-height-default\" data-id=\"b373a46\" data-element_type=\"section\" data-e-type=\"section\" data-settings=\"{&quot;ekit_has_onepagescroll_dot&quot;:&quot;yes&quot;}\">\n\t\t\t\t\t\t<div class=\"elementor-container elementor-column-gap-default\">\n\t\t\t\t\t<div class=\"elementor-column elementor-col-50 elementor-top-column elementor-element elementor-element-f53baae\" data-id=\"f53baae\" data-element_type=\"column\" data-e-type=\"column\">\n\t\t\t<div class=\"elementor-widget-wrap elementor-element-populated\">\n\t\t\t\t\t\t<div class=\"elementor-element elementor-element-ff30c77 elementor-widget elementor-widget-image\" data-id=\"ff30c77\" data-element_type=\"widget\" data-e-type=\"widget\" data-settings=\"{&quot;ekit_we_effect_on&quot;:&quot;none&quot;}\" data-widget_type=\"image.default\">\n\t\t\t\t<div class=\"elementor-widget-container\">\n\t\t\t\t\t\t\t\t\t\t\t\t\t\t\t<img loading=\"lazy\" decoding=\"async\" width=\"759\" height=\"685\" src=\"https:\/\/nutriznutricao.com.br\/wp-content\/uploads\/2022\/09\/equinos-trabalho-1.webp\" class=\"attachment-large size-large wp-image-949\" alt=\"\" srcset=\"https:\/\/nutriznutricao.com.br\/wp-content\/uploads\/2022\/09\/equinos-trabalho-1.webp 759w, https:\/\/nutriznutricao.com.br\/wp-content\/uploads\/2022\/09\/equinos-trabalho-1-300x271.webp 300w\" sizes=\"(max-width: 759px) 100vw, 759px\" \/>\t\t\t\t\t\t\t\t\t\t\t\t\t\t\t<\/div>\n\t\t\t\t<\/div>\n\t\t\t\t\t<\/div>\n\t\t<\/div>\n\t\t\t\t<div class=\"elementor-column elementor-col-50 elementor-top-column elementor-element elementor-element-5f3a52a\" data-id=\"5f3a52a\" data-element_type=\"column\" data-e-type=\"column\">\n\t\t\t<div class=\"elementor-widget-wrap elementor-element-populated\">\n\t\t\t\t\t\t<div class=\"elementor-element elementor-element-5b192df elementor-widget elementor-widget-text-editor\" data-id=\"5b192df\" data-element_type=\"widget\" data-e-type=\"widget\" data-settings=\"{&quot;ekit_we_effect_on&quot;:&quot;none&quot;}\" data-widget_type=\"text-editor.default\">\n\t\t\t\t<div class=\"elementor-widget-container\">\n\t\t\t\t\t\t\t\t\t<p><strong>EQUINOS<\/strong><\/p><p><br \/>Os cavalos que em sua grande maioria s\u00e3o utilizados para meio de trabalho, precisam ser fortes e bem alimentos para executarem tal fun\u00e7\u00e3o, sabendo disso e da riqueza de cuidados que um cavalo necessita, a Nutriz tem como empenho oferecer tudo que esse animal precisa, isso consiste em \u00f3leos e gorduras, fibras, prote\u00ednas, minerais e vitaminas, al\u00e9m do suplemento energ\u00e9tico que vem atrav\u00e9s do milho.<\/p>\t\t\t\t\t\t\t\t<\/div>\n\t\t\t\t<\/div>\n\t\t\t\t\t<\/div>\n\t\t<\/div>\n\t\t\t\t\t<\/div>\n\t\t<\/section>\n\t\t\t\t<\/div>\n\t\t","protected":false},"excerpt":{"rendered":"<p>Ovinos As ovelhas s\u00e3o animais de enorme import\u00e2ncia econ\u00f4mica como fonte de carne, latic\u00ednios, l\u00e3 e couro.\u00a0Visando a import\u00e2ncia desse animal para diversas \u00e1reas de nossa sociedade a Nutriz busca por meio de sua ra\u00e7\u00e3o fornece-los uma boa nutri\u00e7\u00e3o para que possam desempenhar bem sua fun\u00e7\u00e3o. Para que isso aconte\u00e7a contamos com concentrados energ\u00e9ticos encontrados [&hellip;]<\/p>\n","protected":false},"author":1,"featured_media":0,"parent":0,"menu_order":0,"comment_status":"closed","ping_status":"closed","template":"elementor_header_footer","meta":{"inline_featured_image":false,"footnotes":""},"class_list":["post-76","page","type-page","status-publish","hentry"],"yoast_head":"<!-- This site is optimized with the Yoast SEO plugin v27.4 - https:\/\/yoast.com\/product\/yoast-seo-wordpress\/ -->\n<title>animais - Nutriz<\/title>\n<meta name=\"robots\" content=\"index, follow, max-snippet:-1, max-image-preview:large, max-video-preview:-1\" \/>\n<link rel=\"canonical\" href=\"https:\/\/nutriznutricao.com.br\/?page_id=76\" \/>\n<meta property=\"og:locale\" content=\"pt_BR\" \/>\n<meta property=\"og:type\" content=\"article\" \/>\n<meta property=\"og:title\" content=\"animais - Nutriz\" \/>\n<meta property=\"og:description\" content=\"Ovinos As ovelhas s\u00e3o animais de enorme import\u00e2ncia econ\u00f4mica como fonte de carne, latic\u00ednios, l\u00e3 e couro.\u00a0Visando a import\u00e2ncia desse animal para diversas \u00e1reas de nossa sociedade a Nutriz busca por meio de sua ra\u00e7\u00e3o fornece-los uma boa nutri\u00e7\u00e3o para que possam desempenhar bem sua fun\u00e7\u00e3o. Para que isso aconte\u00e7a contamos com concentrados energ\u00e9ticos encontrados [&hellip;]\" \/>\n<meta property=\"og:url\" content=\"https:\/\/nutriznutricao.com.br\/?page_id=76\" \/>\n<meta property=\"og:site_name\" content=\"Nutriz\" \/>\n<meta property=\"article:modified_time\" content=\"2022-09-06T03:11:09+00:00\" \/>\n<meta property=\"og:image\" content=\"http:\/\/nutriznutricao.com.br\/wp-content\/uploads\/2022\/09\/linha-ovinos.webp\" \/>\n<meta name=\"twitter:card\" content=\"summary_large_image\" \/>\n<meta name=\"twitter:label1\" content=\"Est. tempo de leitura\" \/>\n\t<meta name=\"twitter:data1\" content=\"3 minutos\" \/>\n<script type=\"application\/ld+json\" class=\"yoast-schema-graph\">{\"@context\":\"https:\\\/\\\/schema.org\",\"@graph\":[{\"@type\":\"WebPage\",\"@id\":\"https:\\\/\\\/nutriznutricao.com.br\\\/?page_id=76\",\"url\":\"https:\\\/\\\/nutriznutricao.com.br\\\/?page_id=76\",\"name\":\"animais - Nutriz\",\"isPartOf\":{\"@id\":\"https:\\\/\\\/nutriznutricao.com.br\\\/#website\"},\"primaryImageOfPage\":{\"@id\":\"https:\\\/\\\/nutriznutricao.com.br\\\/?page_id=76#primaryimage\"},\"image\":{\"@id\":\"https:\\\/\\\/nutriznutricao.com.br\\\/?page_id=76#primaryimage\"},\"thumbnailUrl\":\"http:\\\/\\\/nutriznutricao.com.br\\\/wp-content\\\/uploads\\\/2022\\\/09\\\/linha-ovinos.webp\",\"datePublished\":\"2020-10-04T20:26:49+00:00\",\"dateModified\":\"2022-09-06T03:11:09+00:00\",\"breadcrumb\":{\"@id\":\"https:\\\/\\\/nutriznutricao.com.br\\\/?page_id=76#breadcrumb\"},\"inLanguage\":\"pt-BR\",\"potentialAction\":[{\"@type\":\"ReadAction\",\"target\":[\"https:\\\/\\\/nutriznutricao.com.br\\\/?page_id=76\"]}]},{\"@type\":\"ImageObject\",\"inLanguage\":\"pt-BR\",\"@id\":\"https:\\\/\\\/nutriznutricao.com.br\\\/?page_id=76#primaryimage\",\"url\":\"http:\\\/\\\/nutriznutricao.com.br\\\/wp-content\\\/uploads\\\/2022\\\/09\\\/linha-ovinos.webp\",\"contentUrl\":\"http:\\\/\\\/nutriznutricao.com.br\\\/wp-content\\\/uploads\\\/2022\\\/09\\\/linha-ovinos.webp\"},{\"@type\":\"BreadcrumbList\",\"@id\":\"https:\\\/\\\/nutriznutricao.com.br\\\/?page_id=76#breadcrumb\",\"itemListElement\":[{\"@type\":\"ListItem\",\"position\":1,\"name\":\"In\u00edcio\",\"item\":\"https:\\\/\\\/nutriznutricao.com.br\\\/\"},{\"@type\":\"ListItem\",\"position\":2,\"name\":\"animais\"}]},{\"@type\":\"WebSite\",\"@id\":\"https:\\\/\\\/nutriznutricao.com.br\\\/#website\",\"url\":\"https:\\\/\\\/nutriznutricao.com.br\\\/\",\"name\":\"Nutriz\",\"description\":\"Nutri\u00e7\u00e3o Animal\",\"publisher\":{\"@id\":\"https:\\\/\\\/nutriznutricao.com.br\\\/#organization\"},\"potentialAction\":[{\"@type\":\"SearchAction\",\"target\":{\"@type\":\"EntryPoint\",\"urlTemplate\":\"https:\\\/\\\/nutriznutricao.com.br\\\/?s={search_term_string}\"},\"query-input\":{\"@type\":\"PropertyValueSpecification\",\"valueRequired\":true,\"valueName\":\"search_term_string\"}}],\"inLanguage\":\"pt-BR\"},{\"@type\":\"Organization\",\"@id\":\"https:\\\/\\\/nutriznutricao.com.br\\\/#organization\",\"name\":\"Nutriz Nutri\u00e7\u00e3o Animal\",\"url\":\"https:\\\/\\\/nutriznutricao.com.br\\\/\",\"logo\":{\"@type\":\"ImageObject\",\"inLanguage\":\"pt-BR\",\"@id\":\"https:\\\/\\\/nutriznutricao.com.br\\\/#\\\/schema\\\/logo\\\/image\\\/\",\"url\":\"https:\\\/\\\/nutriznutricao.com.br\\\/wp-content\\\/uploads\\\/2022\\\/08\\\/Nutriz_Nutricao.webp\",\"contentUrl\":\"https:\\\/\\\/nutriznutricao.com.br\\\/wp-content\\\/uploads\\\/2022\\\/08\\\/Nutriz_Nutricao.webp\",\"width\":298,\"height\":150,\"caption\":\"Nutriz Nutri\u00e7\u00e3o Animal\"},\"image\":{\"@id\":\"https:\\\/\\\/nutriznutricao.com.br\\\/#\\\/schema\\\/logo\\\/image\\\/\"}}]}<\/script>\n<!-- \/ Yoast SEO plugin. -->","yoast_head_json":{"title":"animais - Nutriz","robots":{"index":"index","follow":"follow","max-snippet":"max-snippet:-1","max-image-preview":"max-image-preview:large","max-video-preview":"max-video-preview:-1"},"canonical":"https:\/\/nutriznutricao.com.br\/?page_id=76","og_locale":"pt_BR","og_type":"article","og_title":"animais - Nutriz","og_description":"Ovinos As ovelhas s\u00e3o animais de enorme import\u00e2ncia econ\u00f4mica como fonte de carne, latic\u00ednios, l\u00e3 e couro.\u00a0Visando a import\u00e2ncia desse animal para diversas \u00e1reas de nossa sociedade a Nutriz busca por meio de sua ra\u00e7\u00e3o fornece-los uma boa nutri\u00e7\u00e3o para que possam desempenhar bem sua fun\u00e7\u00e3o. Para que isso aconte\u00e7a contamos com concentrados energ\u00e9ticos encontrados [&hellip;]","og_url":"https:\/\/nutriznutricao.com.br\/?page_id=76","og_site_name":"Nutriz","article_modified_time":"2022-09-06T03:11:09+00:00","og_image":[{"url":"http:\/\/nutriznutricao.com.br\/wp-content\/uploads\/2022\/09\/linha-ovinos.webp","type":"","width":"","height":""}],"twitter_card":"summary_large_image","twitter_misc":{"Est. tempo de leitura":"3 minutos"},"schema":{"@context":"https:\/\/schema.org","@graph":[{"@type":"WebPage","@id":"https:\/\/nutriznutricao.com.br\/?page_id=76","url":"https:\/\/nutriznutricao.com.br\/?page_id=76","name":"animais - Nutriz","isPartOf":{"@id":"https:\/\/nutriznutricao.com.br\/#website"},"primaryImageOfPage":{"@id":"https:\/\/nutriznutricao.com.br\/?page_id=76#primaryimage"},"image":{"@id":"https:\/\/nutriznutricao.com.br\/?page_id=76#primaryimage"},"thumbnailUrl":"http:\/\/nutriznutricao.com.br\/wp-content\/uploads\/2022\/09\/linha-ovinos.webp","datePublished":"2020-10-04T20:26:49+00:00","dateModified":"2022-09-06T03:11:09+00:00","breadcrumb":{"@id":"https:\/\/nutriznutricao.com.br\/?page_id=76#breadcrumb"},"inLanguage":"pt-BR","potentialAction":[{"@type":"ReadAction","target":["https:\/\/nutriznutricao.com.br\/?page_id=76"]}]},{"@type":"ImageObject","inLanguage":"pt-BR","@id":"https:\/\/nutriznutricao.com.br\/?page_id=76#primaryimage","url":"http:\/\/nutriznutricao.com.br\/wp-content\/uploads\/2022\/09\/linha-ovinos.webp","contentUrl":"http:\/\/nutriznutricao.com.br\/wp-content\/uploads\/2022\/09\/linha-ovinos.webp"},{"@type":"BreadcrumbList","@id":"https:\/\/nutriznutricao.com.br\/?page_id=76#breadcrumb","itemListElement":[{"@type":"ListItem","position":1,"name":"In\u00edcio","item":"https:\/\/nutriznutricao.com.br\/"},{"@type":"ListItem","position":2,"name":"animais"}]},{"@type":"WebSite","@id":"https:\/\/nutriznutricao.com.br\/#website","url":"https:\/\/nutriznutricao.com.br\/","name":"Nutriz","description":"Nutri\u00e7\u00e3o Animal","publisher":{"@id":"https:\/\/nutriznutricao.com.br\/#organization"},"potentialAction":[{"@type":"SearchAction","target":{"@type":"EntryPoint","urlTemplate":"https:\/\/nutriznutricao.com.br\/?s={search_term_string}"},"query-input":{"@type":"PropertyValueSpecification","valueRequired":true,"valueName":"search_term_string"}}],"inLanguage":"pt-BR"},{"@type":"Organization","@id":"https:\/\/nutriznutricao.com.br\/#organization","name":"Nutriz Nutri\u00e7\u00e3o Animal","url":"https:\/\/nutriznutricao.com.br\/","logo":{"@type":"ImageObject","inLanguage":"pt-BR","@id":"https:\/\/nutriznutricao.com.br\/#\/schema\/logo\/image\/","url":"https:\/\/nutriznutricao.com.br\/wp-content\/uploads\/2022\/08\/Nutriz_Nutricao.webp","contentUrl":"https:\/\/nutriznutricao.com.br\/wp-content\/uploads\/2022\/08\/Nutriz_Nutricao.webp","width":298,"height":150,"caption":"Nutriz Nutri\u00e7\u00e3o Animal"},"image":{"@id":"https:\/\/nutriznutricao.com.br\/#\/schema\/logo\/image\/"}}]}},"_links":{"self":[{"href":"https:\/\/nutriznutricao.com.br\/index.php?rest_route=\/wp\/v2\/pages\/76","targetHints":{"allow":["GET"]}}],"collection":[{"href":"https:\/\/nutriznutricao.com.br\/index.php?rest_route=\/wp\/v2\/pages"}],"about":[{"href":"https:\/\/nutriznutricao.com.br\/index.php?rest_route=\/wp\/v2\/types\/page"}],"author":[{"embeddable":true,"href":"https:\/\/nutriznutricao.com.br\/index.php?rest_route=\/wp\/v2\/users\/1"}],"replies":[{"embeddable":true,"href":"https:\/\/nutriznutricao.com.br\/index.php?rest_route=%2Fwp%2Fv2%2Fcomments&post=76"}],"version-history":[{"count":16,"href":"https:\/\/nutriznutricao.com.br\/index.php?rest_route=\/wp\/v2\/pages\/76\/revisions"}],"predecessor-version":[{"id":1183,"href":"https:\/\/nutriznutricao.com.br\/index.php?rest_route=\/wp\/v2\/pages\/76\/revisions\/1183"}],"wp:attachment":[{"href":"https:\/\/nutriznutricao.com.br\/index.php?rest_route=%2Fwp%2Fv2%2Fmedia&parent=76"}],"curies":[{"name":"wp","href":"https:\/\/api.w.org\/{rel}","templated":true}]}}